?
True
Is 13 a factor of 817817?
True
Is 16 a factor of 2779568?
True
Does 516 divide 902484?
True
Is 566750 a multiple of 153?
False
Is 106720 a multiple of 368?
True
Is 87 a factor of 907882?
False
Is 916949 a multiple of 94?
False
Is 11141 a multiple of 198?
False
Does 2 divide 46577?
False
Is 34 a factor of 5837304?
False
Is 229472 a multiple of 39?
False
Is 280128 a multiple of 96?
True
Is 285413 a multiple of 17?
True
Is 25 a factor of 21355?
False
Does 89 divide 25810?
True
Is 68228 a multiple of 4?
True
Does 16 divide 2889277?
False
Is 241 a factor of 10480849?
True
Is 77237 a multiple of 131?
False
Is 10 a factor of 981984?
False
Is 181 a factor of 9412?
True
Does 20 divide 108900?
True
Is 1393920 a multiple of 11?
True
Is 408 a multiple of 12?
True
Does 44 divide 32032575?
False
Does 127 divide 1100111?
False
Is 171 a factor of 97641?
True
Is 1045168 a multiple of 177?
False
Is 8 a factor of 159216?
True
Does 7 divide 676262?
False
Is 23406 a multiple of 451?
False
Is 136416 a multiple of 10?
False
Is 120 a factor of 65131?
False
Does 24 divide 327007?
False
Does 5 divide 72282?
False
Is 736926 a multiple of 526?
True
Is 24947 a multiple of 2?
False
Does 4 divide 21271?
False
Is 60 a factor of 482980?
False
Is 360344 a multiple of 722?
False
Does 14 divide 298508?
True
Is 3453025 a multiple of 91?
False
Does 360 divide 10878287?
False
Is 170968 a multiple of 142?
True
Is 57408 a multiple of 208?
True
Is 47850 a multiple of 34?
False
Is 1679861 a multiple of 1422?
False
Does 233 divide 5592?
True
Is 34 a factor of 391544?
True
Is 26004 a multiple of 11?
True
Is 4 a factor of 4458340?
True
Does 49 divide 225106?
True
Is 3 a factor of 15288?
True
Is 59 a factor of 2533873?
True
Is 1115568 a multiple of 12?
True
Is 879 a factor of 3290976?
True
Does 215 divide 550830?
True
Is 1684 a factor of 12042284?
True
Is 5639663 a multiple of 574?
False
Is 566283 a multiple of 29?
True
Is 171072 a multiple of 486?
True
Is 1020 a factor of 4232448?
False
Does 23 divide 914998?
False
Is 324 a factor of 1151820?
True
Is 26332054 a multiple of 889?
False
Is 59730 a multiple of 15?
True
Does 4 divide 67105?
False
Is 23 a factor of 380144?
True
Is 1871607 a multiple of 28?
False
Does 6 divide 38206?
False
Is 3 a factor of 4465?
False
Does 8 divide 710257?
False
Is 316 a factor of 49485?
False
Does 1987 divide 2537378?
False
Is 56 a factor of 80417?
False
Does 141 divide 25594452?
False
Does 534 divide 296904?
True
Is 63870 a multiple of 30?
True
Is 190 a factor of 377150?
True
Is 2 a factor of 21889?
False
Is 9408 a multiple of 36?
False
Is 17 a factor of 101220?
False
Is 3073453 a multiple of 30?
False
Is 702 a factor of 569591?
False
Does 53 divide 74553?
False
Does 19 divide 681739?
True
Is 277 a factor of 3473303?
True
Does 99 divide 91017?
False
Is 13 a factor of 966394?
True
Does 211 divide 6293286?
True
Is 11 a factor of 150997?
True
Does 56 divide 49640?
False
Is 37 a factor of 474192?
True
Is 56079 a multiple of 67?
True
Does 109 divide 732583?
False
Is 21 a factor of 1598209?
False
Is 131 a factor of 2635327?
True
Is 6 a factor of 339276?
True
Does 7 divide 3214855?
True
Does 69 divide 10419?
True
Does 74 divide 84064?
True
Is 360455 a multiple of 673?
False
Is 4246418 a multiple of 8?
False
Does 1112 divide 5706784?
True
Is 180808 a multiple of 4?
True
Is 222 a factor of 21378860?
False
Is 41460 a multiple of 2?
True
Does 7 divide 531643?
True
Is 12 a factor of 688128?
True
Is 28493442 a multiple of 246?
True
Does 23 divide 290486?
False
Is 85917 a multiple of 15?
False
Is 56 a factor of 687481?
False
Is 8 a factor of 8715128?
True
Does 104 divide 363779?
False
Is 1273437 a multiple of 18?
False
Is 6045435 a multiple of 297?
True
Is 6 a factor of 234607?
False
Is 135 a factor of 885195?
True
Is 19 a factor of 489914?
False
Is 343505 a multiple of 608?
False
Does 49 divide 566488?
False
Does 20 divide 488288?
False
Does 2 divide 532031?
False
Is 11480 a multiple of 13?
False
Is 118 a factor of 337329?
False
Does 2 divide 39532?
True
Does 105 divide 8266650?
True
Is 3076566 a multiple of 864?
False
Is 5561122 a multiple of 637?
False
Does 427 divide 4528540?
False
Is 62454 a multiple of 52?
False
Is 380302 a multiple of 26?
True
Is 48 a factor of 6477216?
True
Does 57 divide 121068?
True
Is 197470 a multiple of 130?
True
Is 25193 a multiple of 2?
False
Is 10907 a multiple of 5?
False
Is 154 a factor of 291006?
False
Is 21843423 a multiple of 17?
False
Is 13 a factor of 614588?
True
Is 23 a factor of 144923?
True
Does 710 divide 205254?
False
Is 184 a factor of 242232?
False
Does 16 divide 1020624?
True
Is 218064 a multiple of 11?
True
Is 65 a factor of 229670?
False
Does 119 divide 912492?
True
Is 211 a factor of 371782?
True
Is 58843 a multiple of 6?
False
Does 42 divide 8252206?
False
Is 66 a factor of 3965478?
True
Is 4 a factor of 2502985?
False
Does 26 divide 207550?
False
Is 528 a factor of 1992672?
True
Is 11 a factor of 535051?
True
Does 171 divide 210501?
True
Does 70 divide 3503850?
True
Does 72 divide 587514?
False
Is 276332 a multiple of 34?
False
Does 100 divide 217762?
False
Is 191 a factor of 202078?
True
Does 7 divide 216188?
True
Is 326349 a multiple of 17?
True
Does 185 divide 295260?
True
Is 10397101 a multiple of 22?
False
Does 122 divide 320372?
True
Is 8890156 a multiple of 290?
False
Is 16 a factor of 565836?
False
Is 5011722 a multiple of 29?
True
Does 9 divide 26469?
True
Is 238 a factor of 665924?
True
Does 24 divide 435931?
False
Is 62 a factor of 641890?
False
Is 115 a factor of 1214581?
False
Is 8526160 a multiple of 59?
False
Does 35 divide 308503?
False
Is 19 a factor of 9766?
True
Does 86 divide 46096?
True
Is 13 a factor of 258041?
False
Is 295 a factor of 2511925?
True
Is 881250 a multiple of 150?
True
Is 999 a factor of 604487?
False
Is 35 a factor of 117616?
False
Is 132 a factor of 412832?
False
Is 324525 a multiple of 4?
False
Is 66 a factor of 15967116?
True
Is 62 a factor of 2473981?
False
Is 26 a factor of 143530?
False
Is 15 a factor of 68475?
True
Is 72 a factor of 71400?
False
Is 161 a factor of 389137?
True
Is 2907425 a multiple of 85?
True
Is 301 a factor of 51772?
True
Does 93 divide 686964?
False
Is 166 a factor of 39423?
False
Does 45 divide 86752?
False
Is 2093945 a multiple of 29?
True
Is 48 a factor of 717552?
True
Is 1266 a factor of 3818256?
True
Is 203 a factor of 14199647?
True
Does 130 divide 1024010?
True
Is 197 a factor of 267799?
False
Is 25 a factor of 845550?
True
Is 60553 a multiple of 19?
True
Does 5 divide 844285?
True
Is 116850 a multiple of 41?
True
Is 556665 a multiple of 51?
True
Does 612 divide 3279708?
True
Does 10 divide 6410150?
True
Is 4023 a multiple of 9?
True
Is 5162092 a multiple of 962?
True
Is 19 a factor of 9626654?
True
Is 252 a factor of 2369849?
False
Is 2873 a multiple of 112?
False
Is 432166 a multiple of 8?
False
Is 39 a factor of 45123?
True
Is 120864 a multiple of 111?
False
Is 6 a factor of 84940?
False
Is 4538728 a multiple of 92?
True
Is 14 a factor of 21018046?
True
Does 4 divide 3887888?
True
Is 5936884 a multiple of 405?
False
Is 11 a factor of 29399975?
True
Is 1050 a multiple of 20?
False
Is 23 a factor of 3417248?
True
Is 154 a factor of 77934?
False
Does 33 divide 2392487?
False
Is 5 a factor of 4132?
False
Is 150 a factor of 600?
True
Does 772 divide 5528292?
True
Is 9 a factor of 747?
True
Is 307 a factor of 24539380?
False
Is 2825218 a multiple of 157?
False
Is 116918 a multiple of 9?
False
Does 161 divide 6647975?
False
Is 8 a factor of 289437?
False
Is 6 a factor of 23182?
False
Is 104 a factor of 20769632?
True
Does 1148 divide 4455072?
False
Is 599320 a multiple of 20?
True
Is 278 a factor of 3298192?
True
Is 23 a factor of 17410747?
True
Is 74 a factor of 1157745?
False
Does 79 divide 189758?
True
Does 33 divide 6483?
False
Is 753170 a multiple of 26?
False
Is 149 a factor of 136256?
False
Is 54 a factor of 116856?
True
Is 4927367 a multiple of 40?
False
Is 7 a factor of 3749340?
True
Is 16 a factor of 37344?
True
Is 30 a factor of 55820?
False
Does 22 divide 9935948?
True
Is 1911675 a multiple of 64?
False
Is 33 a factor of 21372?
False
Does 277 divide 2162701?
False
Is 310248 a multiple of 31?
True
Is 293 a factor of 3190770?
True
Is